hest common divisor of 132924 and 171.
57
What is the highest common factor of 180 and 172710?
90
What is the greatest common factor of 5812 and 664?
4
What is the highest common factor of 34 and 20592406?
34
Calculate the highest common factor of 23135 and 315.
35
Calculate the highest common factor of 2653 and 1533.
7
What is the highest common divisor of 6 and 1037328?
6
Calculate the highest common factor of 28 and 237762.
14
What is the highest common divisor of 185605 and 35?
35
Calculate the greatest common factor of 595 and 27000.
5
What is the highest common factor of 2319239 and 13?
13
What is the greatest common factor of 82546 and 5662?
298
Calculate the highest common divisor of 94 and 608227.
47
Calculate the highest common factor of 104340 and 10.
10
Calculate the highest common divisor of 278428 and 13329.
1481
Calculate the highest common factor of 22500 and 17460.
180
What is the highest common factor of 1314 and 292?
146
What is the highest common divisor of 64 and 47?
1
Calculate the highest common divisor of 2318 and 224200.
38
Calculate the highest common divisor of 5 and 3488680.
5
Calculate the highest common divisor of 25110 and 9455.
155
Calculate the highest common divisor of 13373 and 989.
43
Calculate the highest common factor of 680628 and 39.
39
Calculate the highest common divisor of 67 and 6066649.
67
Calculate the highest common factor of 216 and 111448.
8
Calculate the greatest common factor of 42 and 499772.
14
Calculate the greatest common divisor of 200 and 1179160.
40
Calculate the highest common factor of 1246 and 56.
14
What is the highest common factor of 167864 and 16?
8
Calculate the highest common factor of 2097 and 4158.
9
Calculate the highest common divisor of 6364 and 1850.
74
Calculate the greatest common factor of 8972744 and 44.
44
What is the greatest common divisor of 223 and 964921?
223
What is the highest common factor of 2173581 and 684?
171
Calculate the greatest common divisor of 75470 and 35.
5
What is the greatest common factor of 96 and 2628?
12
What is the highest common divisor of 93394 and 56?
14
What is the highest common divisor of 220 and 141180?
20
What is the highest common divisor of 243 and 207279?
243
What is the highest common factor of 183 and 3378?
3
What is the highest common divisor of 1467 and 963?
9
What is the highest common factor of 9 and 8547?
3
Calculate the highest common divisor of 437780 and 28.
28
What is the greatest common divisor of 3666 and 29892?
282
Calculate the greatest common factor of 8 and 6362792.
8
Calculate the highest common factor of 3155247 and 8631.
1233
What is the highest common factor of 25282430 and 10?
10
What is the greatest common divisor of 5978 and 3050?
122
Calculate the greatest common divisor of 531692 and 476.
476
What is the greatest common factor of 1012 and 266524?
92
What is the highest common divisor of 25092 and 306?
306
Calculate the highest common divisor of 69356 and 21.
7
What is the highest common divisor of 22434 and 102?
6
What is the highest common factor of 9 and 12675?
3
What is the highest common divisor of 285484 and 6706?
958
Calculate the greatest common divisor of 374 and 946.
22
Calculate the greatest common factor of 9083833 and 74.
37
Calculate the highest common divisor of 131065 and 55.
55
Calculate the greatest common factor of 3692 and 162.
2
What is the greatest common factor of 55400 and 168?
8
What is the highest common divisor of 1683 and 932943?
561
Calculate the highest common factor of 84 and 898956.
12
What is the greatest common factor of 10105 and 15?
5
Calculate the greatest common factor of 3736 and 136.
8
What is the highest common factor of 81190 and 1380?
230
Calculate the highest common factor of 7491 and 528.
33
What is the highest common factor of 146976 and 4?
4
Calculate the highest common divisor of 1998 and 11502.
54
What is the highest common factor of 366548 and 76?
76
What is the greatest common divisor of 658 and 20314?
14
What is the greatest common factor of 3492 and 6596?
388
What is the highest common divisor of 47196 and 3?
3
What is the greatest common divisor of 1 and 21332?
1
What is the greatest common factor of 95763 and 16851?
411
Calculate the greatest common factor of 28 and 7388724.
28
What is the highest common divisor of 13056 and 534?
6
Calculate the greatest common factor of 258379 and 9130.
913
What is the greatest common factor of 864754 and 253?
253
Calculate the greatest common factor of 4967 and 41.
1
Calculate the highest common factor of 5688 and 1368.
72
What is the highest common factor of 137428 and 476?
68
What is the greatest common divisor of 2151 and 161803?
239
Calculate the greatest common divisor of 5427 and 216.
27
What is the highest common divisor of 32 and 359512?
8
Calculate the highest common divisor of 5109 and 3003.
39
What is the greatest common factor of 7897 and 1378?
53
What is the highest common divisor of 13625 and 872?
109
Calculate the highest common divisor of 25 and 3240.
5
What is the highest common divisor of 183202 and 5272?
1318
What is the highest common divisor of 513 and 11647?
19
Calculate the highest common factor of 17400 and 9720.
120
What is the greatest common factor of 537782 and 642?
214
What is the highest common factor of 3836172 and 24?
12
Calculate the greatest common divisor of 705939 and 156.
39
What is the highest common factor of 195 and 171015?
195
What is the highest common factor of 612199 and 266?
133
What is the highest common factor of 4186 and 1380?
46
Calculate the greatest common factor of 35 and 100500.
5
Calculate the highest common divisor of 4664 and 20372.
44
Calculate the highest common factor of 85180 and 15.
5
Calculate the greatest common divisor of 61440 and 1140.
60
What is the greatest common factor of 4838 and 32332?
118
What is the highest common factor of 570 and 621870?
570
What is the highest common divisor of 127395 and 5?
5
Calculate the greatest common divisor of 56 and 40136.
8
What is the highest common factor of 44 and 5753?
11
Calculate the greatest common factor of 111315 and 6765.
615
Calculate the highest common factor of 527 and 8618.
31
What is the greatest common divisor of 1810458 and 1755?
351
What is the greatest common factor of 17135092 and 1196?
1196
Calculate the highest common divisor of 164964 and 177.
177
Calculate the greatest common factor of 9 and 593835.
3
Calculate the highest common divisor of 617354 and 830.
166
What is the highest common factor of 1378 and 7102?
106
What is the highest common divisor of 452 and 2373?
113
Calculate the greatest common divisor of 42244 and 2148.
716
What is the greatest common divisor of 44 and 37279?
11
What is the greatest common divisor of 3009975 and 30?
15
Calculate the highest common factor of 7623 and 45.
9
What is the highest common factor of 5643 and 52877?
209
What is the highest common divisor of 1924 and 60125?
481
Calculate the greatest common factor of 135 and 12501.
27
Calculate the highest common factor of 25 and 294600.
25
What is the greatest common divisor of 1001 and 17264?
13
Calculate the highest common factor of 2504095 and 726.
121
What is the greatest common divisor of 7680 and 41960?
40
What is the greatest common factor of 756 and 22788?
108
What is the highest common factor of 311967 and 2448?
153
What is the greatest common divisor of 195 and 910?
65
Calculate the highest common divisor of 1183014 and 2296.
574
Calculate the greatest common divisor of 59092 and 1870.
374
Calculate the greatest common divisor of 70 and 2826775.
35
Calculate the greatest common divisor of 81 and 577287.
81
What is the highest common divisor of 370040 and 8?
8
What is the greatest common factor of 186475 and 25?
25
Calculate the greatest common factor of 27 and 170919.
9
What is the highest common factor of 104 and 244322?
26
Calculate the highest common divisor of 4623 and 2760.
69
What is the greatest common factor of 311429 and 589?
19
What is the highest common factor of 175 and 13675?
25
Calculate the greatest common factor of 4257 and 136917.
99
What is the greatest common divisor of 120 and 22305?
15
What is the greatest common factor of 19008 and 118206?
594
What is the greatest common fac